*2 - 6*p**3. What is the units digit of b(-17)?
3
Suppose 0 = o - 14*d + 12*d + 1, 2*d = -o + 3. What is the tens digit of (79237/85 - o/5) + -3?
2
Let g be (1 - -1) + (13 - 13). Suppose -g*n = -4*n - 194. Let i = n + 221. What is the hundreds digit of i?
1
Suppose -2*d + 4*d = 5*g + 9, 3*d = 2*g + 19. Suppose 0 = -d*f + 6*f + 1. What is the tens digit of (19*4 - (-4)/2) + f?
7
What is the thousands digit of -17922*5/(-10)*(-4)/(-4) - 6?
8
What is the hundreds digit of 35/(-28) + 239365/20 + 5/(-1)?
9
Let x = -2489 - -2669. What is the tens digit of x?
8
Let u be ((-72)/14)/((-76)/(-266)). What is the units digit of (27480/(-9))/4*u/15?
6
Let v(z) = -z**3 + 6*z**2 + 15*z + 10. Let q(k) = 0 + 6 + 2 - k**3 - k - 2*k. Let t be q(0). What is the units digit of v(t)?
2
Let z(b) = -b**3 - 8*b**2 - b - 10. Let a be z(-8). Let r(w) = -36*w - 11. Let m(q) = -36*q - 11. Let x(f) = 7*m(f) - 6*r(f). What is the tens digit of x(a)?
6
Let z(c) = -2 - 16*c + 6 - 16*c**2 - 2 + 20*c. Let t be z(-2). Let o = 111 + t. What is the tens digit of o?
4
Let q = 10619 - 3514. What is the tens digit of q?
0
Suppose -8*m = -5*m - 681. Suppose 5*t + 361 = 3*d + 957, -5*d = -2*t + m. What is the hundreds digit of t?
1
Let c(b) = b + 11. Let l be c(-8). Suppose 5*t + 22 = l*i, 2*t + 22 = 5*i + t. Suppose -r + 3*n = -18 - 31, i*r + 2*n = 168. What is the units digit of r?
3
Suppose -w - 6322 = 3*p - 24183, 4*p - 23820 = -4*w. What is the hundreds digit of p?
9
Let v = -76 + 89. Let o = v - 18. What is the tens digit of -5 + (o - -7) + 218?
1
Suppose -v = -8*w + 3*w + 22, -21 = -3*w - 2*v. Suppose -4*r + 1737 = w*r. What is the units digit of r?
3
Suppose 20 = 6*z + 128. Let c be 448/(-12)*z/4. Let q = c + -61. What is the tens digit of q?
0
Let s = -1942 - -19833. What is the thousands digit of s?
7
What is the hundreds digit of -2 + 8 + (-17736)/(-4) + -6?
4
Let q = 37382 + -26092. What is the tens digit of q?
9
Let k = 313 + -315. Let y(c) = -42*c + 24. What is the units digit of y(k)?
8
Let q(b) = -b**3 - 12*b**2 + b + 9. Let o be q(-12). What is the units digit of 5/o*29820/(-350)?
2
Let o = 45 + -42. Suppose 10 = o*x + 4. Suppose -13*s + 550 = -x*s. What is the units digit of s?
0
Suppose 2*l - 3*z = 6*l - 18, -2*l + 3*z = 0. Let r be (-20)/(15/l)*(-6)/8. Suppose 451 = 5*m + 2*t + 95, -t + r = 0. What is the tens digit of m?
7
Suppose x = 2*m - m - 1, 2*x = -5*m + 19. Suppose -53 = x*u - 3. What is the units digit of 469/5 - (80/u + 3)?
4
Let a = 232 + -151. Suppose -a = -m + 390. What is the units digit of m?
1
Suppose -21*c = -18*c + 27. What is the tens digit of (-6)/27 - 1514/c?
6
Suppose -3*s = -s - 2*o - 6902, 4*o = -4. What is the tens digit of s?
5
Let r(l) = 23*l + 6. Suppose -4*t + 62 - 6 = 0. Suppose 3*a + 3*x - 12 = 0, -a + t = 2*a + 5*x. What is the units digit of r(a)?
5
Suppose -13*h - 2*l + 31992 = -12*h, -5*h - l = -159987. What is the ten thousands digit of h?
3
Let h(r) = -2*r**3 - r**2 + 1 + 1 + 5*r - 3*r**3 + 3. What is the tens digit of h(-2)?
3
Suppose 0 = -4*a - 8, 6*n + 2*a + 55 = 3*n. Let r = -2315 - -2139. Let h = n - r. What is the tens digit of h?
5
Let b = 16 - 14. Suppose -b*m + 2 = -2. What is the units digit of m/5 - 132/(-20)?
7
Let n(s) = -5*s**3 + 14*s**2 + 31*s - 12. Let t be n(-6). Let f = t + 386. What is the thousands digit of f?
1
Let r = 80720 + -49032. What is the hundreds digit of r?
6
Suppose -24*u + 1463 - 215 = 0. Let f = u + 207. What is the hundreds digit of f?
2
Let n(d) = 337*d**2 - 24*d - 489. What is the hundreds digit of n(-14)?
8
Suppose -8*i - 4810 = -15866. Suppose i = u + 2*b - 319, 8470 = 5*u + 3*b. What is the hundreds digit of u?
6
Let s = -568 - -578. Suppose 0 = -8*i + s*i - 4*p - 3304, -5*p + 1624 = i. What is the hundreds digit of i?
6
Let x(r) = -7677*r - 575. What is the hundreds digit of x(-2)?
7
Let y = -89 + 57. Let d be ((-552)/y)/((-2)/(-8)). Let q = 109 + d. What is the tens digit of q?
7
Let p be -9*(-19 + 21)*(-2)/18. Suppose p*z = 7*z - 3290. What is the units digit of z?
8
Let k(x) = -224*x + 273. What is the thousands digit of k(-22)?
5
Let f = 101092 - 71740. What is the ten thousands digit of f?
2
Let r(f) be the third derivative of -f**6/24 - 2*f**5/15 + f**4/8 - f**3/6 - 54*f**2. What is the units digit of r(-4)?
9
Let y be -4 + 4 - 3*2. Let z(f) = -3*f**2 + 108*f + 8. Let w be z(36). What is the tens digit of -1 + 214 + y + w?
1
Let d(l) = -1520*l + 182. What is the thousands digit of d(-4)?
6
Let q = 8 + -12. Let l be q/(-34) - (-3913)/119. Let x = l + -23. What is the units digit of x?
0
What is the units digit of (-321)/(-214) - 64893/(-6)?
7
Let v(s) = 4*s**3 + 10*s**2 - 29*s + 2. Let l be v(-4). Suppose -10816 = 6*j - l*j. What is the units digit of j?
6
Suppose -4*x - 4 = 0, 2*x = 5*u + 27 + 21. Let l = u - -13. Suppose l*h = 5*i - 1080, -8*h = i - 4*h - 239. What is the units digit of i?
9
Let i = -147 + 156. Suppose o + 2288 = i*o. What is the hundreds digit of o?
2
Let g be 5191/3 - (-7)/(21/2). Suppose -g = -5*i - 436. What is the tens digit of i?
5
Suppose 54300 = -5*g - 5*m - 21465, 0 = 5*g + 2*m + 75756. What is the hundreds digit of (28/(-10))/((-10)/g*-3)?
4
Let y(f) = 290*f + 964. What is the tens digit of y(5)?
1
Let s(v) = v**3 + 23*v**2 + 35*v - 160. What is the hundreds digit of s(-19)?
6
Suppose 124*q - 716475 - 277881 = 0. What is the units digit of q?
9
Suppose 2*q - 75 - 31 = 0. Let s = 27 - 40. Let k = q + s. What is the tens digit of k?
4
Let u be (3/5)/((-72)/90)*-7420. Suppose -u = 28*o - 35*o. What is the units digit of o?
5
Suppose -10 + 100 = 10*r. What is the units digit of r/(-36) - (-169)/4?
2
Suppose -14*p + 123 + 129 = 0. Suppose 2206 + 1754 = p*k. What is the tens digit of k?
2
Suppose 2*v = -3*y + 12, -y = 4*v - 6*y - 2. Let c(p) = 46*p + 15. Let t be c(v). Suppose -2*m + t = 25. What is the units digit of m?
4
Suppose 94744 = 45*h + 37*h - 78*h. What is the thousands digit of h?
3
Let z(w) be the third derivative of w**6/120 - w**5/4 - 5*w**4/12 - 7*w**3/6 + 3*w**2. Let q(y) = y + 9. Let b be q(7). What is the units digit of z(b)?
9
Let y = 51 - 36. Suppose 17*v = y*v + 4. Suppose 0 = v*d - 8*d + 384. What is the tens digit of d?
6
Suppose 61*h - 205983 = 149769. What is the thousands digit of h?
5
Let d = -54728 - -86636. What is the units digit of d?
8
Suppose 4*q = -q + 245. Suppose -q*w = -42*w - 1372. What is the units digit of w?
6
Let s(o) = o**3 + 31*o**2 + 73*o + 118. What is the thousands digit of s(-25)?
2
Let j(s) = -17 - 17 + 13 + 20*s - 12 - 7. Let b = 16 + -10. What is the units digit of j(b)?
0
Let v = -52 + 127. Suppose -16*i - v = -1547. What is the tens digit of i?
9
Suppose -27*w = -22*w + 3*s - 35801, 4*s = 2*w - 14310. What is the thousands digit of w?
7
Suppose 103*p - 3324 = 109*p. Let w = p + 1432. What is the units digit of w?
8
Suppose -5*l = -15, 21107 = p + l - 9528. What is the thousands digit of p?
0
Let i(s) be the third derivative of s**5/30 + s**4/12 + 11*s**3/3 + 60*s**2. What is the tens digit of i(5)?
8
Let d = 6547 - 609. What is the hundreds digit of d?
9
Let w = 28 + -62. Let f = 78 + w. What is the tens digit of (2/12 - 6/(-18))*f?
2
What is the tens digit of ((-41940)/27)/((-70)/168)?
2
Let m(l) = 13*l**2 - 26*l + 2. Let x be m(5). Let w = 276 - x. What is the tens digit of w?
7
Let h be (693/(-84))/((-6)/40). Suppose -u = -s + 69, 2*s - 4*u - 203 = -h. What is the units digit of s?
4
What is the thousands digit of 36 + 37 + -66 + (0 - -14423*2)?
8
Let v(t) = t**3 + 10*t**2 + t + 11. Let x be v(-10). Let l be x + (12/(-4) - 0) - -298. Let i = l - 121. What is the tens digit of i?
7
Let b be (132/30 + -8)*(-10)/4. Suppose 3*y - 1396 = 11*z - b*z, 2*y - z = 929. What is the units digit of y?
2
Suppose -4972*l = -4964*l - 20456. What is the thousands digit of l?
2
Let z = -18208 + 19409. What is the units digit of z?
1
Suppose -46*l + 72 = -49*l. Let f be (-5)/(-2) + (-12)/l. Suppose 0 = -5*c - q + 631, -627 = -5*c - 5*q + f*q. What is the tens digit of c?
2
Suppose -2*k = -0*k - 10. Suppose 5*r = j - k, -r = r. Suppose -5*l = j*v - 60, -v + 2 = -4*l - 0*l. What is the units digit of v?
0
What is the units digit of (30/264*11)/((-1)/(-12904))?
0
Suppose 18*j + 11*j = -203. What is the units digit of (2 + (